{"id":4490,"date":"2024-04-24T09:55:00","date_gmt":"2024-04-24T07:55:00","guid":{"rendered":"https:\/\/museumladin.it\/?post_type=ausstellungen&#038;p=4490"},"modified":"2024-04-24T10:09:02","modified_gmt":"2024-04-24T08:09:02","slug":"buecherwelten-2024","status":"publish","type":"ausstellungen","link":"https:\/\/museumladin.it\/it\/ausstellungen\/buecherwelten-2024\/","title":{"rendered":"B\u00fccherwelten 2024"},"content":{"rendered":"<p><strong>Dal 1\u00b0 al 26 maggio il Museum Ladin Ciastel de Tor si dedica alla letteratura.<\/strong><\/p>\n<p>Circa 350 novit\u00e0 editoriali dell&#8217;anno 2023 in lingua tedesca per adulti, giovani e bambini della mostra <em>B\u00fccherwelten<\/em> (il mondi dei libri) del <em>S\u00fcdtiroler Kulturistitut<\/em> attendono i visitatori. Sar\u00e0 esposta anche una selezione di libri ladini.<\/p>\n<p>Sullo sfondo del tema principale di quest&#8217;anno <em>Bildhaft gesagt<\/em> (raccontato con immagini), la mostra riunisce forme librarie che vanno oltre il classico testo e offre graphic novels, fumetti, saggistica e libri illustrati con una grafica e illustrazioni eccezionali.<\/p>\n<p>Sia che si tratti di una piacevole lettura in compagnia dei compagni di classe o di un&#8217;esperienza di lettura innovativa: <em>B\u00fccherwelten<\/em> \u00e8 aperta a tutti coloro che desiderano fare un viaggio nel mondo dei libri.<\/p>\n<p>A tal fine abbiamo preparato un laboratorio facoltativo in cui ognuna e ognuno \u00e8 libero di dare sfogo alla propria immaginazione e creativit\u00e0, scrivendo e disegnando dei calligrammi!<\/p>\n","protected":false},"featured_media":4495,"parent":0,"menu_order":0,"template":"","ausstellungskategorie":[52],"class_list":["post-4490","ausstellungen","type-ausstellungen","status-publish","has-post-thumbnail","hentry","ausstellungskategorie-laufende-ausstellung"],"acf":[],"yoast_head":"<!-- This site is optimized with the Yoast SEO plugin v27.5 - https:\/\/yoast.com\/product\/yoast-seo-wordpress\/ -->\n<title>B\u00fccherwelten 2024 - Museum Ladin<\/title>\n<meta name=\"robots\" content=\"index, follow, max-snippet:-1, max-image-preview:large, max-video-preview:-1\" \/>\n<link rel=\"canonical\" href=\"https:\/\/museumladin.it\/it\/ausstellungen\/buecherwelten-2024\/\" \/>\n<meta property=\"og:locale\" content=\"it_IT\" \/>\n<meta property=\"og:type\" content=\"article\" \/>\n<meta property=\"og:title\" content=\"B\u00fccherwelten 2024 - Museum Ladin\" \/>\n<meta property=\"og:description\" content=\"Dal 1\u00b0 al 26 maggio il Museum Ladin Ciastel de Tor si dedica alla letteratura. Circa 350 novit\u00e0 editoriali dell&#8217;anno 2023 in lingua tedesca per adulti, giovani e bambini della mostra B\u00fccherwelten (il mondi dei libri) del S\u00fcdtiroler Kulturistitut attendono i visitatori. Sar\u00e0 esposta anche una selezione di libri ladini. Sullo sfondo del tema principale [&hellip;]\" \/>\n<meta property=\"og:url\" content=\"https:\/\/museumladin.it\/it\/ausstellungen\/buecherwelten-2024\/\" \/>\n<meta property=\"og:site_name\" content=\"Museum Ladin\" \/>\n<meta property=\"article:modified_time\" content=\"2024-04-24T08:09:02+00:00\" \/>\n<meta property=\"og:image\" content=\"https:\/\/new.museumladin.it\/wp-content\/uploads\/2024\/04\/pexels-pixabay-415078-scaled.jpg\" \/>\n\t<meta property=\"og:image:width\" content=\"2560\" \/>\n\t<meta property=\"og:image:height\" content=\"1707\" \/>\n\t<meta property=\"og:image:type\" content=\"image\/jpeg\" \/>\n<meta name=\"twitter:card\" content=\"summary_large_image\" \/>\n<meta name=\"twitter:label1\" content=\"Tempo di lettura stimato\" \/>\n\t<meta name=\"twitter:data1\" content=\"1 minuto\" \/>\n<script type=\"application\/ld+json\" class=\"yoast-schema-graph\">{\"@context\":\"https:\\\/\\\/schema.org\",\"@graph\":[{\"@type\":\"WebPage\",\"@id\":\"https:\\\/\\\/museumladin.it\\\/it\\\/ausstellungen\\\/buecherwelten-2024\\\/\",\"url\":\"https:\\\/\\\/museumladin.it\\\/it\\\/ausstellungen\\\/buecherwelten-2024\\\/\",\"name\":\"B\u00fccherwelten 2024 - Museum Ladin\",\"isPartOf\":{\"@id\":\"https:\\\/\\\/museumladin.it\\\/it\\\/#website\"},\"primaryImageOfPage\":{\"@id\":\"https:\\\/\\\/museumladin.it\\\/it\\\/ausstellungen\\\/buecherwelten-2024\\\/#primaryimage\"},\"image\":{\"@id\":\"https:\\\/\\\/museumladin.it\\\/it\\\/ausstellungen\\\/buecherwelten-2024\\\/#primaryimage\"},\"thumbnailUrl\":\"https:\\\/\\\/museumladin.it\\\/wp-content\\\/uploads\\\/2024\\\/04\\\/pexels-pixabay-415078-scaled.jpg\",\"datePublished\":\"2024-04-24T07:55:00+00:00\",\"dateModified\":\"2024-04-24T08:09:02+00:00\",\"breadcrumb\":{\"@id\":\"https:\\\/\\\/museumladin.it\\\/it\\\/ausstellungen\\\/buecherwelten-2024\\\/#breadcrumb\"},\"inLanguage\":\"it-IT\",\"potentialAction\":[{\"@type\":\"ReadAction\",\"target\":[\"https:\\\/\\\/museumladin.it\\\/it\\\/ausstellungen\\\/buecherwelten-2024\\\/\"]}]},{\"@type\":\"ImageObject\",\"inLanguage\":\"it-IT\",\"@id\":\"https:\\\/\\\/museumladin.it\\\/it\\\/ausstellungen\\\/buecherwelten-2024\\\/#primaryimage\",\"url\":\"https:\\\/\\\/museumladin.it\\\/wp-content\\\/uploads\\\/2024\\\/04\\\/pexels-pixabay-415078-scaled.jpg\",\"contentUrl\":\"https:\\\/\\\/museumladin.it\\\/wp-content\\\/uploads\\\/2024\\\/04\\\/pexels-pixabay-415078-scaled.jpg\",\"width\":2560,\"height\":1707},{\"@type\":\"BreadcrumbList\",\"@id\":\"https:\\\/\\\/museumladin.it\\\/it\\\/ausstellungen\\\/buecherwelten-2024\\\/#breadcrumb\",\"itemListElement\":[{\"@type\":\"ListItem\",\"position\":1,\"name\":\"Home\",\"item\":\"https:\\\/\\\/museumladin.it\\\/it\\\/\"},{\"@type\":\"ListItem\",\"position\":2,\"name\":\"B\u00fccherwelten 2024\"}]},{\"@type\":\"WebSite\",\"@id\":\"https:\\\/\\\/museumladin.it\\\/it\\\/#website\",\"url\":\"https:\\\/\\\/museumladin.it\\\/it\\\/\",\"name\":\"Museum Ladin\",\"description\":\"\",\"publisher\":{\"@id\":\"https:\\\/\\\/museumladin.it\\\/it\\\/#organization\"},\"alternateName\":\"MusLa\",\"potentialAction\":[{\"@type\":\"SearchAction\",\"target\":{\"@type\":\"EntryPoint\",\"urlTemplate\":\"https:\\\/\\\/museumladin.it\\\/it\\\/?s={search_term_string}\"},\"query-input\":{\"@type\":\"PropertyValueSpecification\",\"valueRequired\":true,\"valueName\":\"search_term_string\"}}],\"inLanguage\":\"it-IT\"},{\"@type\":\"Organization\",\"@id\":\"https:\\\/\\\/museumladin.it\\\/it\\\/#organization\",\"name\":\"Museum Ladin\",\"url\":\"https:\\\/\\\/museumladin.it\\\/it\\\/\",\"logo\":{\"@type\":\"ImageObject\",\"inLanguage\":\"it-IT\",\"@id\":\"https:\\\/\\\/museumladin.it\\\/it\\\/#\\\/schema\\\/logo\\\/image\\\/\",\"url\":\"https:\\\/\\\/museumladin.it\\\/wp-content\\\/uploads\\\/2023\\\/05\\\/Musla-Logo-weiss-Allgemein-plain.svg\",\"contentUrl\":\"https:\\\/\\\/museumladin.it\\\/wp-content\\\/uploads\\\/2023\\\/05\\\/Musla-Logo-weiss-Allgemein-plain.svg\",\"caption\":\"Museum Ladin\"},\"image\":{\"@id\":\"https:\\\/\\\/museumladin.it\\\/it\\\/#\\\/schema\\\/logo\\\/image\\\/\"}}]}<\/script>\n<!-- \/ Yoast SEO plugin. -->","yoast_head_json":{"title":"B\u00fccherwelten 2024 - Museum Ladin","robots":{"index":"index","follow":"follow","max-snippet":"max-snippet:-1","max-image-preview":"max-image-preview:large","max-video-preview":"max-video-preview:-1"},"canonical":"https:\/\/museumladin.it\/it\/ausstellungen\/buecherwelten-2024\/","og_locale":"it_IT","og_type":"article","og_title":"B\u00fccherwelten 2024 - Museum Ladin","og_description":"Dal 1\u00b0 al 26 maggio il Museum Ladin Ciastel de Tor si dedica alla letteratura. Circa 350 novit\u00e0 editoriali dell&#8217;anno 2023 in lingua tedesca per adulti, giovani e bambini della mostra B\u00fccherwelten (il mondi dei libri) del S\u00fcdtiroler Kulturistitut attendono i visitatori. Sar\u00e0 esposta anche una selezione di libri ladini. Sullo sfondo del tema principale [&hellip;]","og_url":"https:\/\/museumladin.it\/it\/ausstellungen\/buecherwelten-2024\/","og_site_name":"Museum Ladin","article_modified_time":"2024-04-24T08:09:02+00:00","og_image":[{"width":2560,"height":1707,"url":"https:\/\/new.museumladin.it\/wp-content\/uploads\/2024\/04\/pexels-pixabay-415078-scaled.jpg","type":"image\/jpeg"}],"twitter_card":"summary_large_image","twitter_misc":{"Tempo di lettura stimato":"1 minuto"},"schema":{"@context":"https:\/\/schema.org","@graph":[{"@type":"WebPage","@id":"https:\/\/museumladin.it\/it\/ausstellungen\/buecherwelten-2024\/","url":"https:\/\/museumladin.it\/it\/ausstellungen\/buecherwelten-2024\/","name":"B\u00fccherwelten 2024 - Museum Ladin","isPartOf":{"@id":"https:\/\/museumladin.it\/it\/#website"},"primaryImageOfPage":{"@id":"https:\/\/museumladin.it\/it\/ausstellungen\/buecherwelten-2024\/#primaryimage"},"image":{"@id":"https:\/\/museumladin.it\/it\/ausstellungen\/buecherwelten-2024\/#primaryimage"},"thumbnailUrl":"https:\/\/museumladin.it\/wp-content\/uploads\/2024\/04\/pexels-pixabay-415078-scaled.jpg","datePublished":"2024-04-24T07:55:00+00:00","dateModified":"2024-04-24T08:09:02+00:00","breadcrumb":{"@id":"https:\/\/museumladin.it\/it\/ausstellungen\/buecherwelten-2024\/#breadcrumb"},"inLanguage":"it-IT","potentialAction":[{"@type":"ReadAction","target":["https:\/\/museumladin.it\/it\/ausstellungen\/buecherwelten-2024\/"]}]},{"@type":"ImageObject","inLanguage":"it-IT","@id":"https:\/\/museumladin.it\/it\/ausstellungen\/buecherwelten-2024\/#primaryimage","url":"https:\/\/museumladin.it\/wp-content\/uploads\/2024\/04\/pexels-pixabay-415078-scaled.jpg","contentUrl":"https:\/\/museumladin.it\/wp-content\/uploads\/2024\/04\/pexels-pixabay-415078-scaled.jpg","width":2560,"height":1707},{"@type":"BreadcrumbList","@id":"https:\/\/museumladin.it\/it\/ausstellungen\/buecherwelten-2024\/#breadcrumb","itemListElement":[{"@type":"ListItem","position":1,"name":"Home","item":"https:\/\/museumladin.it\/it\/"},{"@type":"ListItem","position":2,"name":"B\u00fccherwelten 2024"}]},{"@type":"WebSite","@id":"https:\/\/museumladin.it\/it\/#website","url":"https:\/\/museumladin.it\/it\/","name":"Museum Ladin","description":"","publisher":{"@id":"https:\/\/museumladin.it\/it\/#organization"},"alternateName":"MusLa","potentialAction":[{"@type":"SearchAction","target":{"@type":"EntryPoint","urlTemplate":"https:\/\/museumladin.it\/it\/?s={search_term_string}"},"query-input":{"@type":"PropertyValueSpecification","valueRequired":true,"valueName":"search_term_string"}}],"inLanguage":"it-IT"},{"@type":"Organization","@id":"https:\/\/museumladin.it\/it\/#organization","name":"Museum Ladin","url":"https:\/\/museumladin.it\/it\/","logo":{"@type":"ImageObject","inLanguage":"it-IT","@id":"https:\/\/museumladin.it\/it\/#\/schema\/logo\/image\/","url":"https:\/\/museumladin.it\/wp-content\/uploads\/2023\/05\/Musla-Logo-weiss-Allgemein-plain.svg","contentUrl":"https:\/\/museumladin.it\/wp-content\/uploads\/2023\/05\/Musla-Logo-weiss-Allgemein-plain.svg","caption":"Museum Ladin"},"image":{"@id":"https:\/\/museumladin.it\/it\/#\/schema\/logo\/image\/"}}]}},"_links":{"self":[{"href":"https:\/\/museumladin.it\/it\/wp-json\/wp\/v2\/ausstellungen\/4490","targetHints":{"allow":["GET"]}}],"collection":[{"href":"https:\/\/museumladin.it\/it\/wp-json\/wp\/v2\/ausstellungen"}],"about":[{"href":"https:\/\/museumladin.it\/it\/wp-json\/wp\/v2\/types\/ausstellungen"}],"wp:featuredmedia":[{"embeddable":true,"href":"https:\/\/museumladin.it\/it\/wp-json\/wp\/v2\/media\/4495"}],"wp:attachment":[{"href":"https:\/\/museumladin.it\/it\/wp-json\/wp\/v2\/media?parent=4490"}],"wp:term":[{"taxonomy":"ausstellungskategorie","embeddable":true,"href":"https:\/\/museumladin.it\/it\/wp-json\/wp\/v2\/ausstellungskategorie?post=4490"}],"curies":[{"name":"wp","href":"https:\/\/api.w.org\/{rel}","templated":true}]}}

Bücherwelten 2024

<p><strong>Dal 1° al 26 maggio il Museum Ladin Ciastel de Tor si dedica alla letteratura.</strong></p>
<p>Circa 350 novità editoriali dell&#8217;anno 2023 in lingua tedesca per adulti, giovani e bambini della mostra <em>Bücherwelten</em> (il mondi dei libri) del <em>Südtiroler Kulturistitut</em> attendono i visitatori. Sarà esposta anche una selezione di libri ladini.</p>
<p>Sullo sfondo del tema principale di quest&#8217;anno <em>Bildhaft gesagt</em> (raccontato con immagini), la mostra riunisce forme librarie che vanno oltre il classico testo e offre graphic novels, fumetti, saggistica e libri illustrati con una grafica e illustrazioni eccezionali.</p>
<p>Sia che si tratti di una piacevole lettura in compagnia dei compagni di classe o di un&#8217;esperienza di lettura innovativa: <em>Bücherwelten</em> è aperta a tutti coloro che desiderano fare un viaggio nel mondo dei libri.</p>
<p>A tal fine abbiamo preparato un laboratorio facoltativo in cui ognuna e ognuno è libero di dare sfogo alla propria immaginazione e creatività, scrivendo e disegnando dei calligrammi!</p>

<!-- This site is optimized with the Yoast SEO plugin v27.5 - https://yoast.com/product/yoast-seo-wordpress/ -->
<title>Bücherwelten 2024 - Museum Ladin</title>
<meta name="robots" content="index, follow, max-snippet:-1, max-image-preview:large, max-video-preview:-1" />
<link rel="canonical" href="https://museumladin.it/it/ausstellungen/buecherwelten-2024/" />
<meta property="og:locale" content="it_IT" />
<meta property="og:type" content="article" />
<meta property="og:title" content="Bücherwelten 2024 - Museum Ladin" />
<meta property="og:description" content="Dal 1° al 26 maggio il Museum Ladin Ciastel de Tor si dedica alla letteratura. Circa 350 novità editoriali dell&#8217;anno 2023 in lingua tedesca per adulti, giovani e bambini della mostra Bücherwelten (il mondi dei libri) del Südtiroler Kulturistitut attendono i visitatori. Sarà esposta anche una selezione di libri ladini. Sullo sfondo del tema principale [&hellip;]" />
<meta property="og:url" content="https://museumladin.it/it/ausstellungen/buecherwelten-2024/" />
<meta property="og:site_name" content="Museum Ladin" />
<meta property="article:modified_time" content="2024-04-24T08:09:02+00:00" />
<meta property="og:image" content="https://new.museumladin.it/wp-content/uploads/2024/04/pexels-pixabay-415078-scaled.jpg" />
	<meta property="og:image:width" content="2560" />
	<meta property="og:image:height" content="1707" />
	<meta property="og:image:type" content="image/jpeg" />
<meta name="twitter:card" content="summary_large_image" />
<meta name="twitter:label1" content="Tempo di lettura stimato" />
	<meta name="twitter:data1" content="1 minuto" />
<script type="application/ld+json" class="yoast-schema-graph">{"@context":"https:\/\/schema.org","@graph":[{"@type":"WebPage","@id":"https:\/\/museumladin.it\/it\/ausstellungen\/buecherwelten-2024\/","url":"https:\/\/museumladin.it\/it\/ausstellungen\/buecherwelten-2024\/","name":"Bücherwelten 2024 - Museum Ladin","isPartOf":{"@id":"https:\/\/museumladin.it\/it\/#website"},"primaryImageOfPage":{"@id":"https:\/\/museumladin.it\/it\/ausstellungen\/buecherwelten-2024\/#primaryimage"},"image":{"@id":"https:\/\/museumladin.it\/it\/ausstellungen\/buecherwelten-2024\/#primaryimage"},"thumbnailUrl":"https:\/\/museumladin.it\/wp-content\/uploads\/2024\/04\/pexels-pixabay-415078-scaled.jpg","datePublished":"2024-04-24T07:55:00+00:00","dateModified":"2024-04-24T08:09:02+00:00","breadcrumb":{"@id":"https:\/\/museumladin.it\/it\/ausstellungen\/buecherwelten-2024\/#breadcrumb"},"inLanguage":"it-IT","potentialAction":[{"@type":"ReadAction","target":["https:\/\/museumladin.it\/it\/ausstellungen\/buecherwelten-2024\/"]}]},{"@type":"ImageObject","inLanguage":"it-IT","@id":"https:\/\/museumladin.it\/it\/ausstellungen\/buecherwelten-2024\/#primaryimage","url":"https:\/\/museumladin.it\/wp-content\/uploads\/2024\/04\/pexels-pixabay-415078-scaled.jpg","contentUrl":"https:\/\/museumladin.it\/wp-content\/uploads\/2024\/04\/pexels-pixabay-415078-scaled.jpg","width":2560,"height":1707},{"@type":"BreadcrumbList","@id":"https:\/\/museumladin.it\/it\/ausstellungen\/buecherwelten-2024\/#breadcrumb","itemListElement":[{"@type":"ListItem","position":1,"name":"Home","item":"https:\/\/museumladin.it\/it\/"},{"@type":"ListItem","position":2,"name":"Bücherwelten 2024"}]},{"@type":"WebSite","@id":"https:\/\/museumladin.it\/it\/#website","url":"https:\/\/museumladin.it\/it\/","name":"Museum Ladin","description":"","publisher":{"@id":"https:\/\/museumladin.it\/it\/#organization"},"alternateName":"MusLa","potentialAction":[{"@type":"SearchAction","target":{"@type":"EntryPoint","urlTemplate":"https:\/\/museumladin.it\/it\/?s={search_term_string}"},"query-input":{"@type":"PropertyValueSpecification","valueRequired":true,"valueName":"search_term_string"}}],"inLanguage":"it-IT"},{"@type":"Organization","@id":"https:\/\/museumladin.it\/it\/#organization","name":"Museum Ladin","url":"https:\/\/museumladin.it\/it\/","logo":{"@type":"ImageObject","inLanguage":"it-IT","@id":"https:\/\/museumladin.it\/it\/#\/schema\/logo\/image\/","url":"https:\/\/museumladin.it\/wp-content\/uploads\/2023\/05\/Musla-Logo-weiss-Allgemein-plain.svg","contentUrl":"https:\/\/museumladin.it\/wp-content\/uploads\/2023\/05\/Musla-Logo-weiss-Allgemein-plain.svg","caption":"Museum Ladin"},"image":{"@id":"https:\/\/museumladin.it\/it\/#\/schema\/logo\/image\/"}}]}</script>
<!-- / Yoast SEO plugin. -->

Bücherwelten 2024 - Museum Ladin

Dal 1° al 26 maggio il Museum Ladin Ciastel de Tor si dedica alla letteratura. Circa 350 novità editoriali dell&#8217;anno 2023 in lingua tedesca per adulti, giovani e bambini della mostra Bücherwelten (il mondi dei libri) del Südtiroler Kulturistitut attendono i visitatori. Sarà esposta anche una selezione di libri ladini. Sullo sfondo del tema principale [&hellip;]
